{"id":153,"date":"2017-10-20T16:01:48","date_gmt":"2017-10-20T16:01:48","guid":{"rendered":"http:\/\/lebenshilfe-viernheim.de\/lhv\/?page_id=153"},"modified":"2018-03-30T09:00:14","modified_gmt":"2018-03-30T09:00:14","slug":"die-chronik-des-johannes-schrey-hauses","status":"publish","type":"page","link":"https:\/\/lebenshilfe-viernheim.de\/lhv\/die-chronik-des-johannes-schrey-hauses\/","title":{"rendered":"Die Chronik des Johannes-Schrey-Hauses"},"content":{"rendered":"<p>Ein langer und schwieriger Weg musste beschritten werden, bis der erste Spatenstich getan werden konnte. Viele Spenden, Gespr\u00e4che mit F\u00f6rderern, Sponsoren sowie der Stadt Viernheim und den zust\u00e4ndigen Institutionen trugen dazu bei, dass heute das entstehen konnte, wovon Johannes Schrey tr\u00e4umte und das er leider nicht mehr miterleben konnte.<\/p>\n<p>Im Jahre 1987 hatte Johannes Schrey, der Vorsitzende der Ortsvereinigung Lebenshilfe Viernheim, erstmals den Traum vom Bau einer Wohnst\u00e4tte f\u00fcr Menschen mit geistiger Behinderung gehabt und begann, diesen Traum kontinuierlich in die Tat umzusetzen. Das neue Haus tr\u00e4gt in den Grundz\u00fcgen seine Handschrift, denn ohne seine Vorarbeit bis zu seinem Tod am 18. M\u00e4rz 1997 w\u00e4re niemals das entstanden, wor\u00fcber sich heute 24 behinderte Menschen freuen k\u00f6nnen.<\/p>\n<p>1994: In diesem Jahr erfolgte der Kauf des Grundst\u00fcckes &#8222;Am Birkenw\u00e4ldchen.&#8220; Das Grundst\u00fcck wurde vom Land Hessen zur Verf\u00fcgung gestellt und von der Behindertenhilfe Bergstra\u00dfe (BBH) als potenziellem Tr\u00e4ger erworben. Die Mittel in H\u00f6he 600.000 Mark hierf\u00fcr wurden von der Lebenshilfe Viernheim aus Spendenmitteln erbracht.<\/p>\n<p>1997: Am 18. M\u00e4rz verstarb der Initiator Schrey. Seine Nachfolger im Vorstand mit dem 1. Vorsitzenden J\u00fcrgen Walther setzten sich unerm\u00fcdlich weiter f\u00fcr die Verwirklichung ein. Bei der Mitgliederversammlung der Behindertenhilfe Bergstra\u00dfe (fr\u00fcherer geplanter Tr\u00e4ger) im Mai 1997 wurde den Vertretern der Lebenshilfe Viernheim mitgeteilt, dass der angedachte Baubeginn in Viernheim aus verschiedenen Gr\u00fcnden in naher Zukunft nicht absehbar sei. Als fr\u00fchester Termin f\u00fcr einen Baubeginn wurde das Jahr 2003 genannt. Daraufhin beschloss die Lebenshilfe Viernheim im August, die Zusammenarbeit mit Hephata Hessisches Diakoniezentrum e.V. aufzunehmen.<\/p>\n<p>1999: Im September wurde der Kooperationsvertrag zwischen Hephata und der Lebenshilfe Viernheim unterzeichnet und am 27. Oktober der Bauantrag gestellt.<\/p>\n<p>2000: Am 20. Juni wurde die Baugenehmigung erteilt und bereits am 3. Juli mit dem Bau begonnen. Nur wenige Monate sp\u00e4ter, am 17. November, feierte die Lebenshilfe Viernheim und der Tr\u00e4ger &#8222;Hephata&#8220; mit vielen Spendern und zahlreichen G\u00e4sten Richtfest und Grundsteinlegung.<\/p>\n<p>2001: Nach nur knapp 13 Monaten Bauzeit ist der Bau fertig gestellt. Am 25. August fand eine gro\u00dfe Einweihungsfeier im Beisein von Politikern, Ehreng\u00e4sten und Viernheimer B\u00fcrgern statt<\/p>\n<p>2001: Im November beziehen die ersten Bewohner ihr neues Zuhause. In der Folgezeit wird das Angebot kontinuierlich um Kurzzeitpflege und Betreutes Wohnen erweitert.<\/p>\n<p>2005: Unser Kooperationspartner und Tr\u00e4ger des Hauses &#8222;Hephata&#8220; erweitert das Angebot im Johannes-Schrey- Haus. Seit September steht eine Tagesst\u00e4tte zur Verf\u00fcgung. Hier werden erwachsene Menschen betreut und gef\u00f6rdert, die nicht in einer Werkstatt f\u00fcr behinderte Menschen arbeiten k\u00f6nnen. Ebenso gilt dieses Angebot f\u00fcr Menschen mit einer geistigen oder mehrfachen Behinderung die bereits im Ruhestand sind.<\/p>\n<p>2004: Die Lebenshilfe hat begonnen einen Teil des Gartengel\u00e4ndes &#8222;Birkenw\u00e4ldchen&#8220; zu gestalten, neben Sinnesweg, Kr\u00e4uterschnecke, einer Platzgestaltung mit Sitzm\u00f6glichkeiten sowie der Wegf\u00fchrung durch den Garten und verschiedenen Bepflanzungen wurde ein sch\u00f6ner Ort zum Verweilen und Entspannen errichtet.<\/p>\n<p>2005: Im Fr\u00fchjahr erfolgt der Bau einer Grillst\u00e4tte, dar\u00fcber hinaus wurden eine Wasserpumpe installiert und mehrere Wasseranschl\u00fcsse verlegt. Dar\u00fcber hinaus hat die Lebenshilfe mit dem Kauf eines gr\u00f6\u00dferen Tisches und zwei 2 B\u00e4nken weitere Sitzm\u00f6glichkeiten geschaffen.<\/p>\n<p>2008: Kann die Lebenshilfe eine kompetente und erfahrene Holzbau-Fachfirma zum Bau eines tollen Pavillons gewinnen. Es entsteht eine \u00dcberdachung des zentralen Gartenplatzes somit ist auch ausreichender Schattenschutz gew\u00e4hrleistet und den Bewohnern steht ein sch\u00f6ner &#8222;Sommerfestplatz&#8220; zur Verf\u00fcgung. Die Gartenpflege des Bereiches &#8222;Birkenw\u00e4ldchen&#8220; wird von der Lebenshilfe ehrenamtlich durchgef\u00fchrt.<\/p>\n<p>2011: Die Bewohner k\u00f6nnen auf 10 Jahre Leben und Wohnen im Johannes Schrey Haus zur\u00fcckblicken.<\/p>\n","protected":false},"excerpt":{"rendered":"<p>Ein langer und schwieriger Weg musste beschritten werden, bis der erste Spatenstich getan werden konnte. Viele Spenden, Gespr\u00e4che mit F\u00f6rderern, Sponsoren sowie der Stadt Viernheim und den zust\u00e4ndigen Institutionen trugen dazu bei, dass heute das entstehen konnte, wovon Johannes Schrey tr\u00e4umte und das er leider nicht mehr miterleben konnte. Im<\/p>\n","protected":false},"author":1,"featured_media":0,"parent":0,"menu_order":0,"comment_status":"closed","ping_status":"closed","template":"","meta":{"jetpack_post_was_ever_published":false,"_mc_calendar":[],"footnotes":""},"class_list":["post-153","page","type-page","status-publish","hentry"],"jetpack_sharing_enabled":true,"jetpack_shortlink":"https:\/\/wp.me\/P9gujT-2t","jetpack_likes_enabled":true,"jetpack-related-posts":[],"_links":{"self":[{"href":"https:\/\/lebenshilfe-viernheim.de\/lhv\/wp-json\/wp\/v2\/pages\/153"}],"collection":[{"href":"https:\/\/lebenshilfe-viernheim.de\/lhv\/wp-json\/wp\/v2\/pages"}],"about":[{"href":"https:\/\/lebenshilfe-viernheim.de\/lhv\/wp-json\/wp\/v2\/types\/page"}],"author":[{"embeddable":true,"href":"https:\/\/lebenshilfe-viernheim.de\/lhv\/wp-json\/wp\/v2\/users\/1"}],"replies":[{"embeddable":true,"href":"https:\/\/lebenshilfe-viernheim.de\/lhv\/wp-json\/wp\/v2\/comments?post=153"}],"version-history":[{"count":3,"href":"https:\/\/lebenshilfe-viernheim.de\/lhv\/wp-json\/wp\/v2\/pages\/153\/revisions"}],"predecessor-version":[{"id":612,"href":"https:\/\/lebenshilfe-viernheim.de\/lhv\/wp-json\/wp\/v2\/pages\/153\/revisions\/612"}],"wp:attachment":[{"href":"https:\/\/lebenshilfe-viernheim.de\/lhv\/wp-json\/wp\/v2\/media?parent=153"}],"curies":[{"name":"wp","href":"https:\/\/api.w.org\/{rel}","templated":true}]}}