{"id":176,"date":"2017-10-20T16:01:48","date_gmt":"2017-10-20T16:01:48","guid":{"rendered":"http:\/\/lebenshilfe-viernheim.de\/lhv\/?page_id=176"},"modified":"2018-03-30T09:09:29","modified_gmt":"2018-03-30T09:09:29","slug":"spenden","status":"publish","type":"page","link":"https:\/\/lebenshilfe-viernheim.de\/lhv\/spenden\/","title":{"rendered":"Spenden"},"content":{"rendered":"<p><strong>M\u00f6chten Sie unsere Arbeit mit einer Spende unterst\u00fctzen?<\/strong><br \/>\nWir sind immer wieder auf Spenden angewiesen, gerade in Zeiten, in denen allgemein seitens der \u00f6ffentlichen Verwaltung Gelder eingespart werden m\u00fcssen, sind solche Zuwendungen und Hilfen notwendiger denn je. Mit Ihrer Spende unterst\u00fctzen Sie direkt die Ziele und die Arbeit der Lebenshilfe Viernheim.<\/p>\n<p><strong> Unsere Bankverbindung:<\/strong><br \/>\nSparkasse Starkenburg<br \/>\nIBAN: DE85 5095 1469 0003 0100 04<br \/>\nBIC: HELADEF1HEP<br \/>\nSpendenkonto: 30 1000 4<br \/>\nBankleitzahl: 509 514 69<\/p>\n<p>Spenden k\u00f6nnen beim Finanzamt geltend gemacht werden. Sie ben\u00f6tigen daf\u00fcr eine Spendenquittung. Wenn Sie Ihre Adresse auf dem \u00dcberweisungsformular eintragen, werden wir Ihnen eine solche Quittung auf dem Postweg zukommen lassen.<\/p>\n","protected":false},"excerpt":{"rendered":"<p>M\u00f6chten Sie unsere Arbeit mit einer Spende unterst\u00fctzen? Wir sind immer wieder auf Spenden angewiesen, gerade in Zeiten, in denen allgemein seitens der \u00f6ffentlichen Verwaltung Gelder eingespart werden m\u00fcssen, sind solche Zuwendungen und Hilfen notwendiger denn je. Mit Ihrer Spende unterst\u00fctzen Sie direkt die Ziele und die Arbeit der Lebenshilfe<\/p>\n","protected":false},"author":1,"featured_media":0,"parent":0,"menu_order":0,"comment_status":"closed","ping_status":"closed","template":"","meta":{"jetpack_post_was_ever_published":false,"_mc_calendar":[],"footnotes":""},"class_list":["post-176","page","type-page","status-publish","hentry"],"jetpack_sharing_enabled":true,"jetpack_shortlink":"https:\/\/wp.me\/P9gujT-2Q","jetpack_likes_enabled":true,"jetpack-related-posts":[],"_links":{"self":[{"href":"https:\/\/lebenshilfe-viernheim.de\/lhv\/wp-json\/wp\/v2\/pages\/176"}],"collection":[{"href":"https:\/\/lebenshilfe-viernheim.de\/lhv\/wp-json\/wp\/v2\/pages"}],"about":[{"href":"https:\/\/lebenshilfe-viernheim.de\/lhv\/wp-json\/wp\/v2\/types\/page"}],"author":[{"embeddable":true,"href":"https:\/\/lebenshilfe-viernheim.de\/lhv\/wp-json\/wp\/v2\/users\/1"}],"replies":[{"embeddable":true,"href":"https:\/\/lebenshilfe-viernheim.de\/lhv\/wp-json\/wp\/v2\/comments?post=176"}],"version-history":[{"count":1,"href":"https:\/\/lebenshilfe-viernheim.de\/lhv\/wp-json\/wp\/v2\/pages\/176\/revisions"}],"predecessor-version":[{"id":177,"href":"https:\/\/lebenshilfe-viernheim.de\/lhv\/wp-json\/wp\/v2\/pages\/176\/revisions\/177"}],"wp:attachment":[{"href":"https:\/\/lebenshilfe-viernheim.de\/lhv\/wp-json\/wp\/v2\/media?parent=176"}],"curies":[{"name":"wp","href":"https:\/\/api.w.org\/{rel}","templated":true}]}}