{"id":709,"date":"2018-04-25T16:43:15","date_gmt":"2018-04-25T14:43:15","guid":{"rendered":"http:\/\/lebenshilfe-viernheim.de\/lhv\/?page_id=709"},"modified":"2018-04-25T16:50:47","modified_gmt":"2018-04-25T14:50:47","slug":"mitgliedschaft","status":"publish","type":"page","link":"https:\/\/lebenshilfe-viernheim.de\/lhv\/mitgliedschaft\/","title":{"rendered":"Mitgliedschaft"},"content":{"rendered":"<p><strong>Werden Sie Mitglied bei der Lebenshilfe Viernheim!<\/strong><\/p>\n<p>Wir freuen uns auf Sie!<\/p>\n<p>Anschrift: Lebenshilfe Viernheim,\u00a068519 Viernheim, Birkenstra\u00dfe 6<\/p>\n<p>Tel. 06204-78 99 77<\/p>\n<p>Mail: Lebenshilfe-Viernheim@t-online.de<\/p>\n<p><span style=\"text-decoration: underline;\"><strong>Bitte laden Sie die Beitrittserkl\u00e4rung hier herunter<\/strong><\/span><\/p>\n<p><a href=\"http:\/\/lebenshilfe-viernheim.de\/lhv\/wp-content\/uploads\/2018\/04\/Beitrittserkl\u00e4rung-Lebenshilfe-Viernheim.pdf\">Beitrittserkl\u00e4rung Lebenshilfe Viernheim<\/a><\/p>\n<p><span style=\"color: #008008; background-color: #bfe6ff;\">\u00a0<\/span><\/p>\n","protected":false},"excerpt":{"rendered":"<p>Werden Sie Mitglied bei der Lebenshilfe Viernheim! Wir freuen uns auf Sie! Anschrift: Lebenshilfe Viernheim,\u00a068519 Viernheim, Birkenstra\u00dfe 6 Tel. 06204-78 99 77 Mail: Lebenshilfe-Viernheim@t-online.de Bitte laden Sie die Beitrittserkl\u00e4rung hier herunter Beitrittserkl\u00e4rung Lebenshilfe Viernheim \u00a0<\/p>\n","protected":false},"author":4,"featured_media":0,"parent":0,"menu_order":0,"comment_status":"closed","ping_status":"closed","template":"","meta":{"jetpack_post_was_ever_published":false,"_mc_calendar":[],"footnotes":""},"class_list":["post-709","page","type-page","status-publish","hentry"],"jetpack_sharing_enabled":true,"jetpack_shortlink":"https:\/\/wp.me\/P9gujT-br","jetpack_likes_enabled":true,"jetpack-related-posts":[],"_links":{"self":[{"href":"https:\/\/lebenshilfe-viernheim.de\/lhv\/wp-json\/wp\/v2\/pages\/709"}],"collection":[{"href":"https:\/\/lebenshilfe-viernheim.de\/lhv\/wp-json\/wp\/v2\/pages"}],"about":[{"href":"https:\/\/lebenshilfe-viernheim.de\/lhv\/wp-json\/wp\/v2\/types\/page"}],"author":[{"embeddable":true,"href":"https:\/\/lebenshilfe-viernheim.de\/lhv\/wp-json\/wp\/v2\/users\/4"}],"replies":[{"embeddable":true,"href":"https:\/\/lebenshilfe-viernheim.de\/lhv\/wp-json\/wp\/v2\/comments?post=709"}],"version-history":[{"count":3,"href":"https:\/\/lebenshilfe-viernheim.de\/lhv\/wp-json\/wp\/v2\/pages\/709\/revisions"}],"predecessor-version":[{"id":714,"href":"https:\/\/lebenshilfe-viernheim.de\/lhv\/wp-json\/wp\/v2\/pages\/709\/revisions\/714"}],"wp:attachment":[{"href":"https:\/\/lebenshilfe-viernheim.de\/lhv\/wp-json\/wp\/v2\/media?parent=709"}],"curies":[{"name":"wp","href":"https:\/\/api.w.org\/{rel}","templated":true}]}}